 24. Let q be x(5). Let d be -1 + 1 - 4*4. Let l = 32 + d. Calculate the greatest common divisor of q and l.
4
Let o = -82 + 122. Calculate the highest common divisor of 8 and o.
8
Let u(a) = a**3 - 11*a**2 + 13*a + 11. Let i be u(11). What is the highest common factor of 14 and i?
14
Let t = 0 + 18. Let b = t - -46. Calculate the greatest common factor of b and 160.
32
Let y be 3 + 0 - (4 - 27). Let z be -2*(52*2)/(-1). Calculate the greatest common divisor of z and y.
26
Suppose -j + 42 = 5*n - 3, -4*n - 146 = -2*j. Calculate the highest common factor of j and 5.
5
Suppose 2*k = 6, -2*y + 0 + 63 = 5*k. Suppose 2*h - x - y - 15 = 0, -4*h - 5*x = -43. Calculate the highest common factor of h and 153.
17
Let n be (-2)/4*(-8 + 4). Suppose 0*a = -n*a + 180. Calculate the highest common factor of 10 and a.
10
Let a(c) = 17*c**3 + c**2 - 7*c - 5. Let w(u) = -u - 1. Let m(l) = a(l) - 6*w(l). Let p = 1 + 0. Let f be m(p). What is the highest common factor of 90 and f?
18
Let i = 114 - 86. What is the greatest common factor of i and 7?
7
Let i be (-4)/6 + 10/(-3). Let c be (-2)/8 - 93/i. Let s = -7 + c. Calculate the highest common factor of 64 and s.
16
Let c = -31 + 44. What is the greatest common factor of 39 and c?
13
Let r(a) = 3*a**2 + 3*a - 5. Let q be r(-5). What is the greatest common factor of q and 22?
11
Let l be ((-156)/(-16))/(2/8). Let d = 9 - 37. Let z = d + l. Calculate the greatest common divisor of z and 22.
11
Suppose -4*h - 450 = -9*h. What is the greatest common divisor of h and 10?
10
Let v be (-1)/(-4) - 1/4. Let f(a) = a + 65. Let q be f(v). Let u = -11 - -37. Calculate the greatest common divisor of u and q.
13
Let j(h) be the second derivative of -h**5/20 - h**4/12 + h**3/2 + 3*h**2/2 - h. Let y be j(-2). What is the highest common factor of y and 8?
1
Let n(z) = z**2 - 1. Let a be n(1). Suppose a*y + 3*y = -18. Let b be y*(0 - (-30)/(-4)). What is the greatest common divisor of 18 and b?
9
Suppose 2*y + 24 = 4*y. Suppose r - 5*r = -1280. Suppose -6*h + 3*h = -4*m - r, -2*m - 106 = -h. Calculate the greatest common factor of y and h.
12
Let w = -52 + 92. Calculate the highest common divisor of 120 and w.
40
Let o = 5 + -5. Suppose o = 4*f + 16, r - 196 = -4*r - f. Calculate the greatest common factor of r and 8.
8
Suppose 5*d = 2 + 78. Calculate the greatest common divisor of d and 64.
16
Suppose 3*p - 163 = 5*z + 46, 0 = p + 2*z - 55. Let b = 19 + -12. Calculate the highest common divisor of b and p.
7
Suppose 2*z + z = u + 49, 3*u = -5*z + 63. Suppose -4*t + 40 = t - 2*l, 0 = 2*t - l - 15. What is the highest common factor of z and t?
5
Suppose 0 = n + 4*b + b - 23, 0 = 5*n - b - 11. Suppose -134 - 1 = -n*v. Calculate the highest common factor of v and 9.
9
Let w = 7 + -7. Suppose w = -f - 0*k - k + 17, -k + 49 = 3*f. Calculate the greatest common factor of 128 and f.
16
Let s(h) = -3*h**2 + 7*h - 4. Let z(g) = 2*g**2 - 8*g + 5. Let m(b) = -3*s(b) - 4*z(b). Let r be m(-13). Calculate the highest common factor of 2 and r.
2
Let k be (12/8)/((-2)/(-308)). Let f be (-3 - -2)/(1/(-21)). What is the highest common factor of k and f?
21
Let r(s) = 48*s + 4. Let v be r(2). What is the greatest common divisor of 20 and v?
20
Let l be (-119)/(-5) + 2/10. Let c be 1 + -1 + 3 + 33. Calculate the highest common factor of c and l.
12
Let v = -34 + 124. Calculate the greatest common divisor of 18 and v.
18
Suppose 4*r + r - 10 = 0, -9 = -5*f - 2*r. What is the highest common factor of 9 and f?
1
Suppose 3*v = -11 + 77. Suppose 0 = -r + 11 - 9. Calculate the highest common divisor of r and v.
2
Let r = 133 - 61. Calculate the highest common divisor of 24 and r.
24
Suppose -19 + 1 = -2*g. Let v = g - -23. What is the highest common factor of v and 80?
16
Let p be ((-1)/1)/((-18)/(-20) + -1). What is the highest common divisor of 45 and p?
5
Let x = 125 + -178. Suppose 4*f - 66 = 2*j, -3*f + 39 = -j + 2*f. Let b = j - x. What is the greatest common divisor of 36 and b?
12
Let b(u) = u**3 - 3*u**2 - 8*u + 6. Let i be b(5). What is the greatest common factor of i and 2?
2
Let f(s) = -s + 10. Let b be f(-2). Calculate the greatest common divisor of b and 96.
12
Suppose 0 = 5*p + m - 30, 4*p = -p + m + 20. Let b = -6 - -15. Let n(d) = -d + 14. Let r be n(b). Calculate the highest common divisor of p and r.
5
Suppose 0 = -3*o + 12. Suppose 0 = v - 2, 19 = 4*w - w - o*v. Suppose 2*d + 495 = 7*d. Calculate the greatest common divisor of w and d.
9
Let l be (-66)/(-14) - 12/(-42). Let j = 25 - l. Let t be -1 + 1/((-1)/(-5)). Calculate the highest common factor of t and j.
4
Let s = -8 - -10. Suppose s*b - 5 - 19 = 0. What is the greatest common factor of b and 30?
6
Suppose 0*m - m - 6 = 0. Let t be 4*(-3)/m + 9. What is the greatest common factor of t and 121?
11
Let y be 0 + (1 - 142)/(-3). Suppose -4*a - 2*s - 3*s = -63, 0 = a - 5*s - y. Calculate the highest common divisor of 11 and a.
11
Suppose 6*d + 121 = 7*d. Suppose y + 2 = 0, 2*l - 2*y - 30 = 2*y. Calculate the highest common factor of l and d.
11
Let u be (248/(-6))/4*-3. Suppose -c = -u - 23. What is the greatest common factor of 36 and c?
18
Suppose -14*n + 15*n = 30. What is the highest common factor of n and 12?
6
Suppose -4*i - 4*k = -648, 3*i + 0*k + k = 486. Calculate the highest common factor of i and 18.
18
Suppose 19 - 121 = -6*l. Calculate the highest common factor of 85 and l.
17
Suppose 0*n - 5*n + 2*x = -84, 3*x - 99 = -5*n. Calculate the greatest common divisor of n and 144.
18
Suppose 0 = -5*j - 11 - 4. Let p(y) = -y - 2. Let o be p(j). What is the highest common divisor of 9 and o?
1
Let u = 8 + 6. Suppose -528 = -9*s + 858. What is the highest common divisor of u and s?
14
Suppose -4*d = -37 - 3. Suppose -2*x + 7*x + 4*h - 82 = 0, x + 4*h = d. What is the highest common divisor of 12 and x?
6
Suppose -4*l + 728 = -h + 6*h, 3*h - 434 = -l. What is the greatest common divisor of 24 and h?
24
Let g(y) = y**3 - 7*y**2 - 5*y - 5. Let j be g(9). Suppose -4*s - 80 = -0*s. Let z be -3 + (1 - 4 - s). What is the greatest common factor of z and j?
14
Suppose 0 = -2*v + 10. Suppose v*o - 2*o - 51 = 0. Calculate the highest common divisor of 17 and o.
17
Suppose -4*u - 96 = 516. Let f be u/(-2) + (-4)/(-8). Suppose 5*c - 86 = -2*i, 5*c - f = 2*i - i. What is the greatest common factor of 80 and c?
16
Let b = 197 - 42. What is the highest common divisor of 31 and b?
31
Let w be -4 + (-2 - (-2 + -1)). Let g = 33 - w. What is the highest common factor of g and 4?
4
Let f be -3 - (-87)/(-9)*-3. Calculate the greatest common factor of f and 13.
13
Let r(k) = k**2 + 4*k + 4. Let g be r(-4). Let b(c) = -c**3 - 10*c**2 + 8*c - 13. Let t be b(-11). What is the highest common divisor of t and g?
4
Let r be -6*3/12*-2. Let d be (13/r)/(2/6). Let h be (-78)/4*(-110)/33. What is the highest common factor of h and d?
13
Let v(o) = -o**2 - 11*o + 5. Let f be v(-10). Calculate the greatest common factor of 3 and f.
3
Suppose 0*c - 2*c + 12 = 0. Let s be (-1 + 0)*(-12)/1. Let p be ((-15)/(-4))/(3/s). Calculate the highest common divisor of c and p.
3
Let s = -10 - -9. Let d be 8/(-10) + s/5. Let c be ((20/d)/(-2))/2. What is the highest common divisor of 15 and c?
5
Suppose 2*a + 4*v - 8 = 0, -2*a + 2 = -0*v - 2*v. Calculate the greatest common divisor of 2 and a.
2
Suppose 0 = 7*r - 4*r + 21. Let d(p) = -2*p + 15. Let i be d(r). Calculate the greatest common factor of 232 and i.
29
Let s(x) = x**3 - 3*x**2 + 3*x. Let i be ((-20)/(-16))/((-1)/(-4)). Let y be s(i). Suppose m - 13 = -0. What is the highest common factor of m and y?
13
Let n be -1*2*27/(-6). Let a be (1 + n)/((-6)/(-9)). Let y = a - 8. What is the greatest common divisor of y and 21?
7
Let o(i) = -i + 12. Let v be o(8). Suppose -8 - 12 = -v*b. Let p = 2 - 0. Calculate the greatest common divisor of b and p.
1
Suppose -5*v + 200 = 4*k, 0*k + 2*v = k - 50. Let h = 1 - -5. Suppose -b + h + 4 = 0. What is the greatest common divisor of k and b?
10
Let v = -7 - -20. Suppose -v = n + 5*s, -3*s = -n - 2*n + 15. Let w = 22 - 6. Calculate the highest common factor of w and n.
2
Let q(j) = -2*j**2 + 4*j - 12. Let w(h) = h**2 - 5*h + 11. Let d(z) = 2*q(z) + 3*w(z). Let f be d(-8). Calculate the greatest common factor of 7 and f.
1
Suppose 